{"id":35,"date":"2026-02-01T16:36:08","date_gmt":"2026-02-01T15:36:08","guid":{"rendered":"https:\/\/carongaelle.fr\/?page_id=35"},"modified":"2026-02-20T12:51:46","modified_gmt":"2026-02-20T11:51:46","slug":"accueil","status":"publish","type":"page","link":"https:\/\/carongaelle.fr\/","title":{"rendered":""},"content":{"rendered":"\t\t<div data-elementor-type=\"wp-page\" data-elementor-id=\"35\" class=\"elementor elementor-35\">\n\t\t\t\t<div class=\"elementor-element elementor-element-e18dd96 e-flex e-con-boxed e-con e-parent\" data-id=\"e18dd96\" data-element_type=\"container\" data-e-type=\"container\" data-settings=\"{&quot;background_background&quot;:&quot;classic&quot;}\">\n\t\t\t\t\t<div class=\"e-con-inner\">\n\t\t<div class=\"elementor-element elementor-element-0c25491 e-con-full e-flex e-con e-child\" data-id=\"0c25491\" data-element_type=\"container\" data-e-type=\"container\">\n\t\t<div class=\"elementor-element elementor-element-09844f3 e-con-full e-flex e-con e-child\" data-id=\"09844f3\" data-element_type=\"container\" data-e-type=\"container\">\n\t\t\t\t<div class=\"elementor-element elementor-element-5796368 elementor-widget__width-initial elementor-widget elementor-widget-image\" data-id=\"5796368\" data-element_type=\"widget\" data-e-type=\"widget\" data-widget_type=\"image.default\">\n\t\t\t\t\t\t\t\t\t\t\t\t\t\t\t<img fetchpriority=\"high\" decoding=\"async\" width=\"800\" height=\"800\" src=\"https:\/\/carongaelle.fr\/wp-content\/uploads\/2026\/01\/photord2-1024x1024.png\" class=\"attachment-large size-large wp-image-47\" alt=\"\" srcset=\"https:\/\/carongaelle.fr\/wp-content\/uploads\/2026\/01\/photord2-1024x1024.png 1024w, https:\/\/carongaelle.fr\/wp-content\/uploads\/2026\/01\/photord2-300x300.png 300w, https:\/\/carongaelle.fr\/wp-content\/uploads\/2026\/01\/photord2-150x150.png 150w, https:\/\/carongaelle.fr\/wp-content\/uploads\/2026\/01\/photord2-768x768.png 768w, https:\/\/carongaelle.fr\/wp-content\/uploads\/2026\/01\/photord2.png 1080w\" sizes=\"(max-width: 800px) 100vw, 800px\" \/>\t\t\t\t\t\t\t\t\t\t\t\t\t\t\t<\/div>\n\t\t\t\t<\/div>\n\t\t\t\t<\/div>\n\t\t<div class=\"elementor-element elementor-element-2991605 e-con-full e-flex e-con e-child\" data-id=\"2991605\" data-element_type=\"container\" data-e-type=\"container\">\n\t\t\t\t<div class=\"elementor-element elementor-element-d24f571 elementor-widget-mobile__width-initial elementor-widget-tablet__width-initial elementor-widget elementor-widget-text-editor\" data-id=\"d24f571\" data-element_type=\"widget\" data-e-type=\"widget\" data-widget_type=\"text-editor.default\">\n\t\t\t\t\t\t\t\t\t<p><em><strong>Caron Ga\u00eblle<\/strong><\/em><\/p>\t\t\t\t\t\t\t\t<\/div>\n\t\t\t\t<div class=\"elementor-element elementor-element-40049f6 elementor-widget elementor-widget-heading\" data-id=\"40049f6\" data-element_type=\"widget\" data-e-type=\"widget\" data-widget_type=\"heading.default\">\n\t\t\t\t\t<h5 class=\"elementor-heading-title elementor-size-default\">Pr\u00e9sentation<\/h5>\t\t\t\t<\/div>\n\t\t<div class=\"elementor-element elementor-element-d54923a e-con-full e-flex e-con e-child\" data-id=\"d54923a\" data-element_type=\"container\" data-e-type=\"container\">\n\t\t\t\t<div class=\"elementor-element elementor-element-6ef3a0a elementor-widget elementor-widget-text-editor\" data-id=\"6ef3a0a\" data-element_type=\"widget\" data-e-type=\"widget\" data-widget_type=\"text-editor.default\">\n\t\t\t\t\t\t\t\t\t<p>Bonjour,\u00a0<\/p><p>Maman et en reconversion professionnelle, je me forme \u00e0 la kin\u00e9siologie \u00e0 l&rsquo;Institut National de Formation aux Techniques Douces avec l\u2019envie de remettre l\u2019\u00e9quilibre et l\u2019harmonie au c\u0153ur du quotidien.<\/p><p><strong>Dans la poursuite de mes \u00e9tudes et afin d\u2019approfondir mes comp\u00e9tences je<\/strong> <strong>vous offre une s\u00e9ance d\u00e9couverte dans un cadre bienveillant, avec l\u2019envie de rendre le mieux-\u00eatre accessible et d\u2019accompagner chacun vers une meilleure \u00e9coute de soi.<\/strong><\/p>\t\t\t\t\t\t\t\t<\/div>\n\t\t\t\t<\/div>\n\t\t\t\t<\/div>\n\t\t<div class=\"elementor-element elementor-element-499f6bc e-con-full e-flex e-con e-child\" data-id=\"499f6bc\" data-element_type=\"container\" data-e-type=\"container\">\n\t\t<div class=\"elementor-element elementor-element-4d64973 e-con-full e-flex e-con e-child\" data-id=\"4d64973\" data-element_type=\"container\" data-e-type=\"container\">\n\t\t\t\t<div class=\"elementor-element elementor-element-a764d61 elementor-widget-tablet__width-initial elementor-widget-mobile__width-initial elementor-view-default elementor-widget elementor-widget-icon\" data-id=\"a764d61\" data-element_type=\"widget\" data-e-type=\"widget\" data-widget_type=\"icon.default\">\n\t\t\t\t\t\t\t<div class=\"elementor-icon-wrapper\">\n\t\t\t<div class=\"elementor-icon\">\n\t\t\t<svg aria-hidden=\"true\" class=\"e-font-icon-svg e-far-calendar-alt\" viewBox=\"0 0 448 512\" xmlns=\"http:\/\/www.w3.org\/2000\/svg\"><path d=\"M148 288h-40c-6.6 0-12-5.4-12-12v-40c0-6.6 5.4-12 12-12h40c6.6 0 12 5.4 12 12v40c0 6.6-5.4 12-12 12zm108-12v-40c0-6.6-5.4-12-12-12h-40c-6.6 0-12 5.4-12 12v40c0 6.6 5.4 12 12 12h40c6.6 0 12-5.4 12-12zm96 0v-40c0-6.6-5.4-12-12-12h-40c-6.6 0-12 5.4-12 12v40c0 6.6 5.4 12 12 12h40c6.6 0 12-5.4 12-12zm-96 96v-40c0-6.6-5.4-12-12-12h-40c-6.6 0-12 5.4-12 12v40c0 6.6 5.4 12 12 12h40c6.6 0 12-5.4 12-12zm-96 0v-40c0-6.6-5.4-12-12-12h-40c-6.6 0-12 5.4-12 12v40c0 6.6 5.4 12 12 12h40c6.6 0 12-5.4 12-12zm192 0v-40c0-6.6-5.4-12-12-12h-40c-6.6 0-12 5.4-12 12v40c0 6.6 5.4 12 12 12h40c6.6 0 12-5.4 12-12zm96-260v352c0 26.5-21.5 48-48 48H48c-26.5 0-48-21.5-48-48V112c0-26.5 21.5-48 48-48h48V12c0-6.6 5.4-12 12-12h40c6.6 0 12 5.4 12 12v52h128V12c0-6.6 5.4-12 12-12h40c6.6 0 12 5.4 12 12v52h48c26.5 0 48 21.5 48 48zm-48 346V160H48v298c0 3.3 2.7 6 6 6h340c3.3 0 6-2.7 6-6z\"><\/path><\/svg>\t\t\t<\/div>\n\t\t<\/div>\n\t\t\t\t\t\t<\/div>\n\t\t\t\t<div class=\"elementor-element elementor-element-fac9f64 elementor-widget-tablet__width-auto elementor-widget-mobile__width-auto elementor-widget elementor-widget-shortcode\" data-id=\"fac9f64\" data-element_type=\"widget\" data-e-type=\"widget\" data-widget_type=\"shortcode.default\">\n\t\t\t\t\t\t\t<div class=\"elementor-shortcode\"><!-- D\u00e9but de widget de lien Calendly -->\n<link href=\"https:\/\/assets.calendly.com\/assets\/external\/widget.css\" rel=\"stylesheet\">\n<script src=\"https:\/\/assets.calendly.com\/assets\/external\/widget.js\" type=\"text\/javascript\" async><\/script>\n<a href=\"\" onclick=\"Calendly.initPopupWidget({url: 'https:\/\/calendly.com\/carongaelle\/2h?hide_gdpr_banner=1'});return false;\">Prendre rendez-vous <\/a>\n<!-- Fin de widget de lien Calendly --><\/div>\n\t\t\t\t\t\t<\/div>\n\t\t\t\t<\/div>\n\t\t<div class=\"elementor-element elementor-element-5df7a38 e-con-full e-flex e-con e-child\" data-id=\"5df7a38\" data-element_type=\"container\" data-e-type=\"container\">\n\t\t\t\t<div class=\"elementor-element elementor-element-83f6aea elementor-view-default elementor-widget elementor-widget-icon\" data-id=\"83f6aea\" data-element_type=\"widget\" data-e-type=\"widget\" data-widget_type=\"icon.default\">\n\t\t\t\t\t\t\t<div class=\"elementor-icon-wrapper\">\n\t\t\t<div class=\"elementor-icon\">\n\t\t\t<svg aria-hidden=\"true\" class=\"e-font-icon-svg e-fas-envelope-open-text\" viewBox=\"0 0 512 512\" xmlns=\"http:\/\/www.w3.org\/2000\/svg\"><path d=\"M176 216h160c8.84 0 16-7.16 16-16v-16c0-8.84-7.16-16-16-16H176c-8.84 0-16 7.16-16 16v16c0 8.84 7.16 16 16 16zm-16 80c0 8.84 7.16 16 16 16h160c8.84 0 16-7.16 16-16v-16c0-8.84-7.16-16-16-16H176c-8.84 0-16 7.16-16 16v16zm96 121.13c-16.42 0-32.84-5.06-46.86-15.19L0 250.86V464c0 26.51 21.49 48 48 48h416c26.51 0 48-21.49 48-48V250.86L302.86 401.94c-14.02 10.12-30.44 15.19-46.86 15.19zm237.61-254.18c-8.85-6.94-17.24-13.47-29.61-22.81V96c0-26.51-21.49-48-48-48h-77.55c-3.04-2.2-5.87-4.26-9.04-6.56C312.6 29.17 279.2-.35 256 0c-23.2-.35-56.59 29.17-73.41 41.44-3.17 2.3-6 4.36-9.04 6.56H96c-26.51 0-48 21.49-48 48v44.14c-12.37 9.33-20.76 15.87-29.61 22.81A47.995 47.995 0 0 0 0 200.72v10.65l96 69.35V96h320v184.72l96-69.35v-10.65c0-14.74-6.78-28.67-18.39-37.77z\"><\/path><\/svg>\t\t\t<\/div>\n\t\t<\/div>\n\t\t\t\t\t\t<\/div>\n\t\t\t\t<div class=\"elementor-element elementor-element-4b48f48 elementor-widget elementor-widget-heading\" data-id=\"4b48f48\" data-element_type=\"widget\" data-e-type=\"widget\" data-widget_type=\"heading.default\">\n\t\t\t\t\t<h5 class=\"elementor-heading-title elementor-size-default\"><a href=\"mailto:carongaelle83260@gmail.com\">Envoyer  un mail <\/a><\/h5>\t\t\t\t<\/div>\n\t\t\t\t<\/div>\n\t\t\t\t<\/div>\n\t\t<div class=\"elementor-element elementor-element-210f1cc e-con-full e-flex e-con e-child\" data-id=\"210f1cc\" data-element_type=\"container\" data-e-type=\"container\">\n\t\t\t\t<div class=\"elementor-element elementor-element-5c2d140 elementor-widget elementor-widget-heading\" data-id=\"5c2d140\" data-element_type=\"widget\" data-e-type=\"widget\" data-widget_type=\"heading.default\">\n\t\t\t\t\t<h4 class=\"elementor-heading-title elementor-size-default\">La kin\u00e9siologie<\/h4>\t\t\t\t<\/div>\n\t\t<div class=\"elementor-element elementor-element-8c0a69e e-con-full e-flex e-con e-child\" data-id=\"8c0a69e\" data-element_type=\"container\" data-e-type=\"container\">\n\t\t\t\t<div class=\"elementor-element elementor-element-22fe313 elementor-widget elementor-widget-text-editor\" data-id=\"22fe313\" data-element_type=\"widget\" data-e-type=\"widget\" data-widget_type=\"text-editor.default\">\n\t\t\t\t\t\t\t\t\t<p>La kin\u00e9siologie est une approche douce qui vise \u00e0 favoriser l\u2019\u00e9quilibre de la personne, en prenant en compte les dimensions physique, \u00e9motionnelle et \u00e9nerg\u00e9tique.<\/p><p>Elle s\u2019appuie notamment sur les principes de la m\u00e9decine traditionnelle chinoise et de la loi des cinq \u00e9l\u00e9ments. L\u2019\u00e9quilibration se r\u00e9alise par des protocoles pr\u00e9cis : point d&rsquo;acupression, r\u00e9flexologie, mouvement du corps, trac\u00e9 des m\u00e9ridiens&#8230; afin d\u2019accompagner le corps vers un fonctionnement plus harmonieux.<\/p><p>La pratique utilise diff\u00e9rents tests musculaires afin d&rsquo;observer la r\u00e9ponse du corps face au stress, aux tensions ou aux d\u00e9s\u00e9quilibres du quotidien. Ces observations permettent de mieux comprendre ce que le corps exprime et ce dont il a besoin afin que chaque individu se lib\u00e8re de ses blocages et retrouve son plein potentiel dans sa vie quotidienne.<\/p><p><em>La kin\u00e9siologie s\u2019inscrit dans une d\u00e9marche de bien-\u00eatre, d\u2019\u00e9coute de soi et de prise de conscience.<\/em><br \/><em>Elle ne remplace pas un avis m\u00e9dical ni un suivi par un professionnel de sant\u00e9.<\/em><\/p>\t\t\t\t\t\t\t\t<\/div>\n\t\t\t\t<\/div>\n\t\t\t\t<\/div>\n\t\t<div class=\"elementor-element elementor-element-893337c e-con-full e-flex e-con e-child\" data-id=\"893337c\" data-element_type=\"container\" data-e-type=\"container\">\n\t\t\t\t<div class=\"elementor-element elementor-element-46f6695 elementor-widget elementor-widget-heading\" data-id=\"46f6695\" data-element_type=\"widget\" data-e-type=\"widget\" data-widget_type=\"heading.default\">\n\t\t\t\t\t<h4 class=\"elementor-heading-title elementor-size-default\">Modalit\u00e9s pratiques<\/h4>\t\t\t\t<\/div>\n\t\t<div class=\"elementor-element elementor-element-277ff68 e-con-full e-flex e-con e-child\" data-id=\"277ff68\" data-element_type=\"container\" data-e-type=\"container\">\n\t\t\t\t<div class=\"elementor-element elementor-element-9929f54 elementor-widget__width-initial elementor-widget elementor-widget-text-editor\" data-id=\"9929f54\" data-element_type=\"widget\" data-e-type=\"widget\" data-widget_type=\"text-editor.default\">\n\t\t\t\t\t\t\t\t\t<p>Les s\u00e9ances se d\u00e9roulent sur rendez-vous, dans un cadre calme et bienveillant, propice \u00e0 l\u2019\u00e9coute.<\/p><p>\ud83d\udccd Je me d\u00e9place \u00e0 v\u00f4tre domicile aux alentours de La Crau, La Farl\u00e8de.<\/p><p>\u23f3 Dur\u00e9e d\u2019une s\u00e9ance : environ 2h.<\/p><p>\u2728 S\u00e9ances actuellement offertes dans le cadre de ma formation<\/p><p>\ud83d\udcde Prise de rendez-vous sur mon calendrier en ligne, je vous contacte par mail pour valider le lieu de rendez-vous.<\/p>\t\t\t\t\t\t\t\t<\/div>\n\t\t\t\t<\/div>\n\t\t\t\t<\/div>\n\t\t\t\t\t<\/div>\n\t\t\t\t<\/div>\n\t\t\t\t<\/div>\n\t\t","protected":false},"excerpt":{"rendered":"<p>Caron Ga\u00eblle Pr\u00e9sentation Bonjour,\u00a0 Maman et en reconversion professionnelle, je me forme \u00e0 la kin\u00e9siologie \u00e0 l&rsquo;Institut National de Formation aux Techniques Douces avec l\u2019envie de remettre l\u2019\u00e9quilibre et l\u2019harmonie au c\u0153ur du quotidien. Dans la poursuite de mes \u00e9tudes et afin d\u2019approfondir mes comp\u00e9tences je vous offre une s\u00e9ance d\u00e9couverte dans un cadre bienveillant, [&hellip;]<\/p>\n","protected":false},"author":1,"featured_media":0,"parent":0,"menu_order":0,"comment_status":"closed","ping_status":"closed","template":"","meta":{"footnotes":""},"class_list":["post-35","page","type-page","status-publish","hentry"],"_links":{"self":[{"href":"https:\/\/carongaelle.fr\/index.php?rest_route=\/wp\/v2\/pages\/35","targetHints":{"allow":["GET"]}}],"collection":[{"href":"https:\/\/carongaelle.fr\/index.php?rest_route=\/wp\/v2\/pages"}],"about":[{"href":"https:\/\/carongaelle.fr\/index.php?rest_route=\/wp\/v2\/types\/page"}],"author":[{"embeddable":true,"href":"https:\/\/carongaelle.fr\/index.php?rest_route=\/wp\/v2\/users\/1"}],"replies":[{"embeddable":true,"href":"https:\/\/carongaelle.fr\/index.php?rest_route=%2Fwp%2Fv2%2Fcomments&post=35"}],"version-history":[{"count":40,"href":"https:\/\/carongaelle.fr\/index.php?rest_route=\/wp\/v2\/pages\/35\/revisions"}],"predecessor-version":[{"id":107,"href":"https:\/\/carongaelle.fr\/index.php?rest_route=\/wp\/v2\/pages\/35\/revisions\/107"}],"wp:attachment":[{"href":"https:\/\/carongaelle.fr\/index.php?rest_route=%2Fwp%2Fv2%2Fmedia&parent=35"}],"curies":[{"name":"wp","href":"https:\/\/api.w.org\/{rel}","templated":true}]}}